{"id":560,"date":"2018-12-30T20:59:31","date_gmt":"2018-12-30T17:59:31","guid":{"rendered":"http:\/\/www.aydiner.gen.tr\/?page_id=560"},"modified":"2019-01-06T20:56:15","modified_gmt":"2019-01-06T17:56:15","slug":"c-console-for-dongusu","status":"publish","type":"page","link":"https:\/\/www.aydiner.gen.tr\/index.php\/c-console-for-dongusu\/","title":{"rendered":"C# Console For D\u00f6ng\u00fcs\u00fc"},"content":{"rendered":"<p>Belirlenen ba\u015flang\u0131\u00e7 de\u011ferinden itibaren belirtilen ko\u015ful sa\u011flanana kadar i\u00e7ine yaz\u0131ld\u0131\u011f\u0131 kod par\u00e7as\u0131n\u0131 ard\u0131 ard\u0131na \u00e7al\u0131\u015ft\u0131ran bir d\u00f6ng\u00fc \u00e7e\u015fididir. For d\u00f6ng\u00fcs\u00fcn\u00fcn kullan\u0131m\u0131 \u015fu \u015fekildedir;<\/p>\n<pre class=\"lang:default decode:true \">\/\/D\u00f6ng\u00fcn\u00fcn kullan\u0131m\u0131 a\u015fa\u011f\u0131daki gibidir.\r\n\r\nfor(ba\u015flang\u0131\u00e7;ko\u015ful;art\u0131m)\r\n{\r\nyap\u0131lacak i\u015fler;\r\n}<\/pre>\n<p>Ba\u015flang\u0131\u00e7, d\u00f6ng\u00fc kontrol de\u011fi\u015fkeni olarak da ifade edilebilir. D\u00f6ng\u00fc i\u00e7erisinde bir saya\u00e7 g\u00f6revini g\u00f6r\u00fcr. Ko\u015ful, d\u00f6ng\u00fcn\u00fcn ne kadar \u00e7al\u0131\u015faca\u011f\u0131n\u0131 denetleyen mekanizmad\u0131r. Ko\u015ful sa\u011flan\u0131yorken d\u00f6ng\u00fc \u00e7al\u0131\u015fmaya devam eder. Ko\u015ful sa\u011flanmad\u0131\u011f\u0131nda ise d\u00f6ng\u00fc durur. Ko\u015fulda genellikle ba\u015flang\u0131\u00e7 de\u011ferinin durumu denetlenir. Art\u0131m, ba\u015flang\u0131\u00e7 de\u011ferinin d\u00f6ng\u00fcn\u00fcn her ad\u0131mda artma ya da azaltma miktar\u0131n\u0131 belirler. E\u011fer ba\u015flang\u0131\u00e7 de\u011feri hi\u00e7 de\u011fi\u015fmez ise sonsuz d\u00f6ng\u00fc olu\u015fur.<\/p>\n<pre class=\"lang:default decode:true \">\/\/1\u2019den 10\u2019a kadar olan say\u0131lar\u0131 ekrana yazd\u0131r\u0131n\u0131z.\r\n\r\nbyte i;\r\nfor(i=1;i&lt;=10;i++)\r\n{\r\nConsole.WriteLine(i);\r\n}<\/pre>\n<pre class=\"lang:default decode:true \">\/\/: a\u2019den k\u2019ye kadar olan harfleri ekrana yazd\u0131r\u0131n\u0131z\r\n\r\nchar i;\r\nfor (i ='a'; i &lt;= 'k'; i++)\r\n{\r\nConsole.WriteLine(i);\r\n}<\/pre>\n<pre class=\"lang:default decode:true \">\/\/For d\u00f6ng\u00fcs\u00fc ile ekrana 5 defa \"Merhaba\" yazd\u0131ran c# console uygulamas\u0131\r\n\r\nint x;  \r\nfor (x=1;x&lt;=5;x++) \/\/x de\u011fi\u015fkeni 1 den ba\u015flayarak 5 a kadar 1er art\u0131yor  \r\n{  \r\n   Console.WriteLine(\"Merhaba\");  \r\n}  \r\nConsole.ReadKey();<\/pre>\n<pre class=\"lang:default decode:true \">\/\/For d\u00f6ng\u00fcs\u00fc ile 10 dan 1 e kadar olan say\u0131lar\u0131 ekrana alt alta yazd\u0131ran C# konsol uygulamas\u0131\r\nint x;  \r\nfor (x=10;x&gt;=1;x--)   \r\n{  \r\n   Console.WriteLine(x);  \r\n}  \r\nConsole.ReadKey();<\/pre>\n<pre class=\"lang:default decode:true \">\/\/0\u2019dan klavyeden girilen say\u0131ya kadar olan say\u0131lar\u0131n toplam\u0131n\u0131 ekrana\r\nyazd\u0131ran program\u0131 yaz\u0131n\u0131z.\r\n\r\nint bitis,i,toplam;\r\nConsole.Write(\"Bir say\u0131 giriniz:\");\r\nbitis = Convert.ToInt32(Console.ReadLine());\r\ntoplam = 0;\r\nfor (i = 0; i &lt;= bitis; i++)\r\n{\r\ntoplam = toplam + i;\r\n}\r\nConsole.WriteLine(\"Toplam={0}\", toplam );<\/pre>\n<pre class=\"lang:default decode:true \">\/\/1\u2019den 10\u2019a kadar olan say\u0131lar i\u00e7in \u00e7arp\u0131m tablosunu ekrana yazd\u0131ran\r\nprogram\u0131 yaz\u0131n\u0131z.\r\nint i,k;\r\nfor (i = 1; i &lt;=10; i++)\r\n{\r\nConsole.WriteLine(\"-{0} ve Katlar\u0131-\",i);\r\nConsole.WriteLine(\"----------------\");\r\nfor (k = 1; k &lt;= 10; k++)\r\n{\r\nint carpim = i * k;\r\nConsole.WriteLine(\"{0} x {1} = {2}\", i, k, carpim);\r\n}\r\nConsole.WriteLine(\"----------------\");\r\n}<\/pre>\n<pre class=\"lang:default decode:true \">static void Main(string[] args)\r\n{\r\nint sayi;\r\nstring isim;\r\nConsole.WriteLine(\"Ka\u00e7 defa \u00e7al\u0131\u015fs\u0131n..:\");\r\nsayi = int.Parse(Console.ReadLine());\r\nConsole.WriteLine(\"Neyi Yazs\u0131n..:\");\r\nisim = Console.ReadLine();\r\nfor (int i = 0; i&lt; sayi; i++)\r\n{\r\nConsole.WriteLine(isim);\r\n}\r\nConsole.ReadKey();\r\n}<\/pre>\n<p>&nbsp;<\/p>\n","protected":false},"excerpt":{"rendered":"<p>Belirlenen ba\u015flang\u0131\u00e7 de\u011ferinden itibaren belirtilen ko\u015ful sa\u011flanana kadar i\u00e7ine yaz\u0131ld\u0131\u011f\u0131 kod par\u00e7as\u0131n\u0131 ard\u0131 ard\u0131na \u00e7al\u0131\u015ft\u0131ran bir d\u00f6ng\u00fc \u00e7e\u015fididir. For d\u00f6ng\u00fcs\u00fcn\u00fcn [&hellip;]<\/p>\n","protected":false},"author":1,"featured_media":0,"parent":0,"menu_order":0,"comment_status":"closed","ping_status":"closed","template":"","meta":{"footnotes":""},"class_list":["post-560","page","type-page","status-publish","hentry"],"_links":{"self":[{"href":"https:\/\/www.aydiner.gen.tr\/index.php\/wp-json\/wp\/v2\/pages\/560","targetHints":{"allow":["GET"]}}],"collection":[{"href":"https:\/\/www.aydiner.gen.tr\/index.php\/wp-json\/wp\/v2\/pages"}],"about":[{"href":"https:\/\/www.aydiner.gen.tr\/index.php\/wp-json\/wp\/v2\/types\/page"}],"author":[{"embeddable":true,"href":"https:\/\/www.aydiner.gen.tr\/index.php\/wp-json\/wp\/v2\/users\/1"}],"replies":[{"embeddable":true,"href":"https:\/\/www.aydiner.gen.tr\/index.php\/wp-json\/wp\/v2\/comments?post=560"}],"version-history":[{"count":0,"href":"https:\/\/www.aydiner.gen.tr\/index.php\/wp-json\/wp\/v2\/pages\/560\/revisions"}],"wp:attachment":[{"href":"https:\/\/www.aydiner.gen.tr\/index.php\/wp-json\/wp\/v2\/media?parent=560"}],"curies":[{"name":"wp","href":"https:\/\/api.w.org\/{rel}","templated":true}]}}