{"id":807,"date":"2019-10-31T11:04:31","date_gmt":"2019-10-31T08:04:31","guid":{"rendered":"http:\/\/www.aydiner.gen.tr\/?page_id=807"},"modified":"2019-10-31T11:23:09","modified_gmt":"2019-10-31T08:23:09","slug":"arduino-analog-read-ve-seri-haberlesme","status":"publish","type":"page","link":"https:\/\/www.aydiner.gen.tr\/index.php\/arduino-analog-read-ve-seri-haberlesme\/","title":{"rendered":"Arduino Analog Read ve Seri Haberle\u015fme"},"content":{"rendered":"<h4 class=\"entry-title\">Arduino Analog Read ve Seri Haberle\u015fme (<a href=\"https:\/\/www.aydiner.gen.tr\/index.php\/potansiyometre-nedir\/\">Potansiyometre<\/a> De\u011fer Okuma)<\/h4>\n<p><a href=\"https:\/\/www.aydiner.gen.tr\/wp-content\/uploads\/2019\/10\/analog_read1.png\"><img loading=\"lazy\" decoding=\"async\" class=\"alignnone size-medium wp-image-808\" src=\"https:\/\/www.aydiner.gen.tr\/wp-content\/uploads\/2019\/10\/analog_read1-300x177.png\" alt=\"\" width=\"300\" height=\"177\" srcset=\"https:\/\/www.aydiner.gen.tr\/wp-content\/uploads\/2019\/10\/analog_read1-300x177.png 300w, https:\/\/www.aydiner.gen.tr\/wp-content\/uploads\/2019\/10\/analog_read1-600x354.png 600w, https:\/\/www.aydiner.gen.tr\/wp-content\/uploads\/2019\/10\/analog_read1-768x453.png 768w, https:\/\/www.aydiner.gen.tr\/wp-content\/uploads\/2019\/10\/analog_read1-1024x604.png 1024w, https:\/\/www.aydiner.gen.tr\/wp-content\/uploads\/2019\/10\/analog_read1.png 1220w\" sizes=\"auto, (max-width: 300px) 100vw, 300px\" \/><\/a><\/p>\n<p>A\u015fa\u011f\u0131daki kodla\u00a0 gerilimin say\u0131sal kar\u015f\u0131l\u0131\u011f\u0131n\u0131 seri porttan g\u00f6rebilece\u011fiz.(<a href=\"https:\/\/www.aydiner.gen.tr\/index.php\/arduino-seri-haberlesme\/\"> Seri Haberle\u015fme nedir ?<\/a> bkz.)<\/p>\n<pre class=\"lang:default decode:true\">#define potpin A0 \/\/Potansiyometreyi A0 pinine tan\u0131ml\u0131yoruz\r\nint deger=0; \/\/\"De\u011fer\" adl\u0131 0 ba\u015flang\u0131\u00e7l\u0131 bir de\u011fi\u015fken tan\u0131ml\u0131yoruz\r\nvoid setup() \r\n{\r\n  Serial.begin(9600); \/\/9600 Baund bir seri haberle\u015fme ba\u015flat\u0131yoruz\r\n  Serial.println(\"Pot Deger Okuma\"); \/\/Seri monit\u00f6rde bir kez g\u00f6nderilen bir mesaj tan\u0131ml\u0131yoruz\r\n}\r\nvoid loop() \r\n{\r\n  deger  = analogRead(potpin); \/\/\"De\u011fer\" de\u011fi\u015fkeni potansiyometrenin de\u011ferini okuyup buna g\u00f6re de\u011fi\u015fir\r\n  Serial.println(deger); \/\/Okunan de\u011fer seri monit\u00f6rde mesaj olarak g\u00f6nderilir\r\n  delay(100); \/\/Bu i\u015flem 100 milisaniye aral\u0131klarla yap\u0131l\u0131r\r\n}<\/pre>\n<p><b>Voltaj seviyelerini e\u015fle\u015ftirilirse\u00a0;<\/b><\/p>\n<pre class=\"lang:default decode:true\">#define potpin A0\r\nint deger=0;\r\nvoid setup() \r\n{\r\n  Serial.begin(9600);\r\n  Serial.println(\"Pot Deger Okuma\");\r\n}\r\nvoid loop() \r\n{\r\n  deger  = analogRead(potpin);\r\n  float gerilim = (5.00\/1024.00)*deger; \/\/5V gerilim, 1024 bite b\u00f6l\u00fcn\u00fcr ve potansiyometreden gelen de\u011fer ile \u00e7arp\u0131l\u0131r; de\u011ferin e\u015fiti olan gerilim hesaplan\u0131r\r\n  Serial.println(gerilim); \/\/Hesaplanan gerilim seri monit\u00f6rde mesaj olarak g\u00f6nderilir\r\n  delay(100);\r\n}<\/pre>\n<p>&nbsp;<\/p>\n","protected":false},"excerpt":{"rendered":"<p>Arduino Analog Read ve Seri Haberle\u015fme (Potansiyometre De\u011fer Okuma) A\u015fa\u011f\u0131daki kodla\u00a0 gerilimin say\u0131sal kar\u015f\u0131l\u0131\u011f\u0131n\u0131 seri porttan g\u00f6rebilece\u011fiz.( Seri Haberle\u015fme nedir [&hellip;]<\/p>\n","protected":false},"author":1,"featured_media":0,"parent":0,"menu_order":0,"comment_status":"closed","ping_status":"closed","template":"","meta":{"footnotes":""},"class_list":["post-807","page","type-page","status-publish","hentry"],"_links":{"self":[{"href":"https:\/\/www.aydiner.gen.tr\/index.php\/wp-json\/wp\/v2\/pages\/807","targetHints":{"allow":["GET"]}}],"collection":[{"href":"https:\/\/www.aydiner.gen.tr\/index.php\/wp-json\/wp\/v2\/pages"}],"about":[{"href":"https:\/\/www.aydiner.gen.tr\/index.php\/wp-json\/wp\/v2\/types\/page"}],"author":[{"embeddable":true,"href":"https:\/\/www.aydiner.gen.tr\/index.php\/wp-json\/wp\/v2\/users\/1"}],"replies":[{"embeddable":true,"href":"https:\/\/www.aydiner.gen.tr\/index.php\/wp-json\/wp\/v2\/comments?post=807"}],"version-history":[{"count":0,"href":"https:\/\/www.aydiner.gen.tr\/index.php\/wp-json\/wp\/v2\/pages\/807\/revisions"}],"wp:attachment":[{"href":"https:\/\/www.aydiner.gen.tr\/index.php\/wp-json\/wp\/v2\/media?parent=807"}],"curies":[{"name":"wp","href":"https:\/\/api.w.org\/{rel}","templated":true}]}}